
2
What is the highest common factor of 45 and 255?
15
What is the greatest common divisor of 37 and 37?
37
Calculate the highest common divisor of 152 and 494.
38
What is the highest common factor of 70 and 230?
10
What is the greatest common divisor of 77 and 33?
11
Calculate the highest common divisor of 153 and 1275.
51
Calculate the highest common divisor of 33 and 671.
11
What is the highest common divisor of 574 and 14?
14
Calculate the greatest common divisor of 279 and 36.
9
What is the highest common divisor of 248 and 62?
62
Calculate the highest common divisor of 13209 and 1036.
259
Calculate the greatest common factor of 231 and 3171.
21
Calculate the highest common divisor of 77 and 49.
7
Calculate the highest common factor of 4528 and 80.
16
What is the highest common divisor of 2146 and 37?
37
Calculate the greatest common divisor of 16 and 144.
16
What is the greatest common factor of 15 and 175?
5
What is the greatest common factor of 10 and 490?
10
Calculate the highest common divisor of 4429 and 206.
103
What is the greatest common factor of 25 and 25?
25
Calculate the highest common divisor of 2752 and 384.
64
What is the greatest common divisor of 3514 and 21?
7
What is the highest common factor of 4180 and 88?
44
What is the highest common factor of 231 and 42?
21
What is the greatest common factor of 20 and 160?
20
What is the greatest common divisor of 270 and 9270?
90
Calculate the greatest common factor of 20 and 28.
4
What is the highest common divisor of 385 and 22?
11
What is the highest common factor of 80 and 5416?
8
Calculate the greatest common factor of 442 and 170.
34
Calculate the greatest common divisor of 417 and 5282.
139
Calculate the greatest common divisor of 445 and 979.
89
What is the highest common factor of 498 and 48?
6
What is the greatest common divisor of 5 and 5?
5
What is the highest common divisor of 160 and 3040?
160
Calculate the greatest common divisor of 1188 and 72.
36
Calculate the highest common factor of 32 and 928.
32
Calculate the greatest common divisor of 44 and 22.
22
What is the greatest common divisor of 987 and 470?
47
Calculate the greatest common divisor of 39 and 741.
39
What is the highest common divisor of 210 and 480?
30
Calculate the greatest common divisor of 14 and 203.
7
What is the greatest common divisor of 15756 and 24?
12
Calculate the greatest common divisor of 424 and 512.
8
What is the highest common factor of 4 and 5204?
4
Calculate the greatest common divisor of 638 and 44.
22
What is the highest common factor of 234 and 8658?
234
What is the greatest common divisor of 450 and 100?
50
Calculate the greatest common divisor of 25 and 125.
25
Calculate the highest common factor of 34 and 170.
34
What is the greatest common factor of 21 and 511?
7
What is the greatest common divisor of 21 and 56?
7
Calculate the greatest common factor of 1166 and 1122.
22
What is the highest common factor of 2020 and 460?
20
What is the greatest common divisor of 8350 and 50?
50
What is the greatest common divisor of 1408 and 44?
44
Calculate the greatest common divisor of 5025 and 75.
75
Calculate the highest common factor of 21648 and 3.
3
What is the highest common factor of 15701 and 7?
7
What is the greatest common divisor of 82 and 123?
41
What is the greatest common factor of 60 and 372?
12
Calculate the highest common factor of 6851 and 221.
221
What is the highest common divisor of 2 and 6434?
2
What is the highest common divisor of 11233 and 141?
47
What is the greatest common divisor of 14250 and 114?
114
What is the highest common divisor of 437 and 115?
23
Calculate the greatest common factor of 26 and 455.
13
Calculate the highest common divisor of 40 and 1240.
40
Calculate the highest common factor of 18 and 18.
18
Calculate the greatest common factor of 3555 and 158.
79
Calculate the greatest common factor of 27 and 5994.
27
Calculate the greatest common factor of 13 and 7514.
13
What is the highest common divisor of 18 and 531?
9
What is the highest common factor of 385 and 560?
35
What is the highest common divisor of 12 and 243?
3
Calculate the highest common factor of 4788 and 24.
12
What is the highest common divisor of 52 and 11804?
52
Calculate the highest common factor of 201 and 9849.
201
What is the highest common factor of 220 and 180?
20
What is the greatest common divisor of 125 and 49625?
125
What is the greatest common divisor of 1215 and 45?
45
What is the highest common divisor of 1424 and 32?
16
What is the highest common factor of 1608 and 12?
12
What is the greatest common factor of 48 and 1536?
48
Calculate the highest common divisor of 6 and 3.
3
What is the greatest common factor of 80 and 432?
16
What is the highest common divisor of 36 and 54?
18
Calculate the highest common divisor of 17 and 1343.
17
Calculate the greatest common divisor of 17 and 68.
17
What is the highest common divisor of 168 and 231?
21
Calculate the greatest common factor of 100 and 6.
2
What is the greatest common divisor of 15344 and 56?
56
What is the highest common divisor of 1323 and 245?
49
Calculate the greatest common divisor of 87 and 2349.
87
What is the highest common factor of 42 and 819?
21
Calculate the greatest common factor of 1573 and 13.
13
What is the greatest common divisor of 804 and 66?
6
What is the highest common factor of 2482 and 1022?
146
Calculate the highest common divisor of 2290 and 110.
10
Calculate the greatest common divisor of 988 and 104.
52
What is the highest common divisor of 51 and 4488?
51
Calculate the highest common factor of 24 and 8718.
6
Calculate the greatest common divisor of 56 and 584.
8
Calculate the greatest common factor of 38 and 2717.
19
Calculate the greatest common factor of 6 and 24.
6
What is the highest common divisor of 3002 and 553?
79
What is the greatest common factor of 78 and 66?
6
Calculate the greatest common divisor of 92 and 69.
23
Calculate the greatest common divisor of 232 and 5162.
58
Calculate the greatest common divisor of 551 and 29.
29
Calculate the highest common factor of 26 and 169.
13
What is the greatest common divisor of 13 and 142?
1
Calculate the greatest common divisor of 108 and 540.
108
Calculate the highest common factor of 38 and 38.
38
What is the greatest common divisor of 102 and 18?
6
What is the greatest common factor of 30176 and 16?
16
What is the highest common factor of 1430 and 130?
130
Calculate the highest common divisor of 21 and 77.
7
Calculate the highest common factor of 15 and 51.
3
What is the greatest common factor of 2586 and 36?
6
Calculate the highest common divisor of 575 and 25.
25
Calculate the greatest common factor of 35 and 889.
7
Calculate the highest common divisor of 189 and 81.
27
Calculate the highest common divisor of 121 and 1573.
121
Calculate the highest common divisor of 8515 and 65.
65
Calculate the greatest common factor of 12 and 108.
12
Calculate the greatest common factor of 225 and 18.
9
Calculate the highest common factor of 448 and 3416.
56
What is the highest common factor of 25 and 12125?
25
Calculate the highest common divisor of 156 and 204.
12
What is the highest common divisor of 6 and 254?
2
Calculate the highest common divisor of 784 and 7.
7
Calculate the greatest common divisor of 18 and 98.
2
What is the greatest common divisor of 48 and 624?
48
Calculate the highest common divisor of 336 and 6510.
42
What is the greatest common divisor of 91 and 26?
13
What is the greatest common divisor of 6200 and 200?
200
Calculate the highest common divisor of 372 and 12.
12
Calculate the highest common factor of 138 and 46.
46
Calculate the greatest common divisor of 9560 and 10.
10
What is the greatest common factor of 2790 and 105?
15
What is the greatest common divisor of 133619 and 41?
41
Calculate the greatest common factor of 32 and 216.
8
What is the greatest common factor of 5 and 750?
5
Calculate the greatest common divisor of 504 and 1827.
63
What is the highest common divisor of 1599 and 39?
39
What is the greatest common factor of 3 and 71?
1
What is the greatest common divisor of 2204 and 418?
38
Calculate the greatest common factor of 14 and 2.
2
What is the greatest common factor of 210 and 270?
30
Calculate t